e 336*b = 149*b + 169*b + 39600. What is the greatest common factor of b and 165?
55
Let q = 2 + 8. Let y(g) = -g**3 + 60*g**2 - 109*g - 386. Let t be y(58). Calculate the highest common divisor of q and t.
10
Suppose 13*l - 2233 = -361. What is the highest common divisor of 6 and l?
6
Let w = 47 - 136. Let t = w + 143. What is the greatest common divisor of 6 and t?
6
Let y be (-72)/20*10/(-3). Let q be (-21060)/(-220) - 3/(-11). What is the highest common divisor of q and y?
12
Suppose 4*v + 205 = -5*c + 437, 0 = -3*v + 5*c + 104. Calculate the highest common divisor of v and 10128.
48
Suppose 9807 = 4*n - 305. What is the greatest common factor of n and 288?
32
Let m(a) = -2*a**2 + 78*a - 9. Suppose -n + 3*w - 2*w + 11 = 0, -3*n - 5*w = 7. Let z be m(n). Calculate the greatest common factor of z and 9.
9
Let v be 2*(3 + 14/(-4)) - -1. Suppose -4*b + 40 = 40*u - 37*u, v = 4*b - u - 40. What is the greatest common factor of 38 and b?
2
Suppose -x = -5*s - 3*x + 702, 0 = 4*s + x - 558. What is the highest common factor of s and 1058?
46
Suppose -432*i + p + 23812 = -431*i, 3*i = -p + 71404. What is the highest common factor of 88 and i?
44
Let t(w) = 6*w + 63. Let u be t(19). Let o = u + -151. Calculate the greatest common divisor of o and 104.
26
Let h be (-60)/(-84)*(-7)/2*(-18)/5. What is the greatest common factor of 21 and h?
3
Suppose -3*j + 64 = -h, -17*h - 74 = -5*j - 20*h. Calculate the highest common factor of j and 95.
19
Let t = 115 - 121. Let f(x) = 10*x**2 + 18*x - 28. Let s be f(t). Calculate the highest common factor of 96 and s.
32
Let x be 2/7 - (-2)/((-42)/(-6525)). Suppose 0 = 5*l - b - 389, -4*l = -8*l + b + x. Suppose -2*j = j - l. Calculate the greatest common factor of 52 and j.
26
Suppose -4*o - 2065 = -2650*v + 2649*v, -8156 = -4*v + 3*o. Calculate the highest common factor of v and 19.
19
Let x(b) = b - 4*b**3 - 4 + 0*b**3 - 11*b**2 + 3*b**3 + 2*b**3. Let s be x(11). Calculate the highest common divisor of s and 77.
7
Let l be 9/6 + 2120/16. Calculate the greatest common divisor of 2 and l.
2
Suppose -13776 = -5*y + q, 0 = -4*y - 4*q + 3125 + 7891. Suppose 3*k - 22*k = -y. Calculate the greatest common factor of 58 and k.
29
Suppose k = 2*t + 1017, 909*t = k + 910*t - 996. What is the highest common factor of 136 and k?
17
Suppose q - 3*o - 29 = 0, 2*q - 39 = o + 14. Let h = q - 4. Calculate the greatest common divisor of h and 99.
11
Let t be (0 + (-2)/(-6))*(-2 - -212). Let f = 303 - 198. What is the highest common factor of t and f?
35
Let n be 2*((-169)/5)/((-52)/(-130)). Let i = n + 196. What is the greatest common divisor of 3 and i?
3
Let n = -201 + 205. Suppose -6*j + 78 = -3*j - n*t, -2*t - 130 = -5*j. What is the greatest common factor of j and 117?
13
Suppose -5*b = 109*b - 75973 - 87047. What is the greatest common factor of b and 77?
11
Let k be (-15)/(-8*(-10)/(-384)). Calculate the highest common factor of k and 6570.
18
Let l be 3/(-9)*9/(-1). Suppose 0 = 3*t + l*i - 710 - 553, 827 = 2*t - i. What is the greatest common factor of 32 and t?
32
Let x be (-12192)/(54/(-12) + 3). Calculate the highest common divisor of 64 and x.
64
Suppose -452*a + 833 = -445*a. Calculate the highest common divisor of a and 126.
7
Let n(p) = 12*p**2 - 2*p - 2. Let o be n(5). Let c = 302 - o. What is the greatest common divisor of c and 14?
14
Suppose -25*h - 4*i = -27*h + 28, 3*h - 5*i - 40 = 0. What is the greatest common divisor of h and 2270?
10
Suppose f + 0*f = 11. Suppose 8*p - 39 = 366 + 35. What is the greatest common divisor of p and f?
11
Suppose 0 = -y - 211 + 566. Suppose -y = -t - 8*u + 3*u, 4*u - 20 = 0. Calculate the greatest common factor of 33 and t.
33
Let g be 65178/170*(-140)/(-21). What is the greatest common divisor of g and 144?
36
Suppose -12*v - 3*l + 41 = -16*v, 0 = 4*l + 4. Let g(j) = -j**3 - 11*j**2 - 11*j + 14. Let z be g(v). Calculate the greatest common divisor of 15 and z.
15
Suppose -593*j - 349635 = -648*j. What is the greatest common factor of 39 and j?
39
Let h = -16 + 49. Suppose -8*g - 70 = -5*u - 3*g, 3*u - 40 = 2*g. Calculate the greatest common factor of u and h.
3
Let f = 232 - 10. Calculate the highest common factor of 777 and f.
111
Let r(l) = 26*l + 2463. Let j be r(-67). What is the greatest common factor of 309 and j?
103
Let a(f) = f**2 - f - 6. Let v = -82 - -79. Let g be a(v). Suppose -13 = -g*o + 23. Calculate the highest common divisor of o and 30.
6
Suppose -206*l = -3963 + 255. What is the highest common factor of 1413 and l?
9
Let n be -65*(171/(-15) + 1) - 4. Suppose -44*u = -38*u - n. Suppose -2*k + 42 = k. Calculate the highest common factor of u and k.
14
Let q = 9584 + -8326. Calculate the greatest common divisor of q and 1666.
34
Let b(r) = r**2 + 3*r - 1. Let j be b(-4). Let d(y) = -8*y**2 + 9*y**2 + y**j + 9*y**2. Let i be d(-9). Calculate the highest common factor of i and 18.
9
Let g(n) = 16*n**2 + 9*n - 13. Suppose 2*s + 14 = b - s, 3*b = 4*s + 22. Let i be g(b). Calculate the highest common factor of 46 and i.
23
Let v be 5/(10/(-6)) - 598/2. Let t = 337 + v. Calculate the highest common factor of 1015 and t.
35
Suppose 0 = -w - 5*d + 3*d - 547, -4*d = -2*w - 1118. Let x = w - -803. Calculate the greatest common divisor of x and 20.
10
Suppose -4*j - 16 = -4*o, -13 = -0*o - 4*o + j. Suppose 0 = 2*h + o*h - 135. Let i = 13168 - 12871. Calculate the greatest common divisor of h and i.
27
Let q be ((-14)/16)/(-2*8/640). Calculate the greatest common divisor of 16485 and q.
35
Let h(f) = -f + 1. Let b = 26 + -22. Let l(n) = 2*n**2 - 4*n - 9. Let g(s) = b*h(s) + l(s). Let r be g(6). What is the greatest common factor of 19 and r?
19
Let h(n) = 16*n + 80. Let g be (-1)/(-4) - (-34)/(-8). Let l be h(g). What is the greatest common factor of l and 88?
8
Suppose 107 = 3*h + 98. Suppose -81 - 39 = -5*w. What is the greatest common factor of w and h?
3
Let l(d) = -14*d - 19 + 17*d + d**2 - 3*d + 0*d**2. Let k be l(-5). Calculate the greatest common divisor of 150 and k.
6
Let l(t) = 379*t**2 - 343*t - 3104. Let y be l(-9). Calculate the greatest common divisor of 58 and y.
58
Let a = 41 - 24. Suppose 3*x + 4*m = 2*m + 76, 4*m - 128 = -5*x. Suppose -d - x = -58. What is the highest common divisor of a and d?
17
Suppose -154 = -a - 13*a. Suppose 0 = a*b - 26 - 106. Calculate the highest common factor of 15 and b.
3
Let l = 28 + -32. Let d = -18 + 1. Let m = l - d. What is the highest common divisor of 52 and m?
13
Let n = 29 - 23. Let m be 6/(4 + -6) + n. Suppose -214 = -m*x - 70. What is the greatest common factor of x and 16?
16
Let s be ((-332244)/27)/(-11) - 4/6. Calculate the greatest common factor of s and 13.
13
Suppose 457 = -14*b + 919. Let t be 3 - (-3)/2*152. What is the highest common factor of b and t?
33
Suppose 0 = -53*x + 42*x + 176. Let u be (18/8)/(6/x). Let s = -8 - -11. What is the greatest common divisor of u and s?
3
Let a = 44 - 36. Suppose z - 4*y = -6, 10 = 4*z - 2*y - a. Calculate the highest common factor of z and 54.
6
Let d be (14608/28)/11 + (32/28)/2. What is the greatest common divisor of 1554 and d?
6
Suppose -4*y - 157 = -b, 31*b - 28*b + 3*y - 501 = 0. What is the highest common factor of b and 1353?
33
Suppose 0 = 136*s - 4519 - 5273. Calculate the greatest common factor of 693 and s.
9
Let a be -6 + 3 + -32 + -3. Let p = a + 61. Let u = 51 - 28. What is the highest common factor of u and p?
23
Let a(c) = c**2 + 13*c + 6. Let i be a(-17). Suppose 82*r - i*r - 352 = 0. Calculate the highest common divisor of 748 and r.
44
Let x(k) = 6*k**2 + 20*k - 158. Let l be x(-18). What is the highest common factor of l and 155?
31
Suppose 0 = -v + b + 2, 37 = 4*v - 3*b + 29. What is the greatest common divisor of 45 and v?
1
Let m be (-45)/(-20) + 2/(-8). Let b be 2 + 4/((-4)/13). Let i be (-1 + b)*3/(-6). Calculate the highest common factor of i and m.
2
Let t = -5681 - -7619. Calculate the greatest common divisor of 306 and t.
102
Let c be (-18)/(-81) + 140/18. Let z(h) = -h**2 + 8*h + 2. Let j be z(c). Let v be (36/14)/((-3)/(-21)). Calculate the greatest common factor of j and v.
2
Let h(m) = -m. Let r be h(-5). Suppose 0 = -r*k + 25, -4*k = -2*z + 100 - 10. Suppose 17*c - 11 - 227 = -51. Calculate the highest common factor of c and z.
